pose 7*o - u*o - 12 = 0. Calculate the remainder when 23 is divided by o.
11
What is the remainder when (-1335)/(-20) - (-4)/16 is divided by 24?
19
Suppose -4*a + 150 - 22 = 0. What is the remainder when 12/((-16)/4)*a/(-6) is divided by 12*(-1 - 6/(-4))?
4
Let x(f) = -3*f**2 + 125*f + 63. What is the remainder when (-27 + -2)/((-1)/5) is divided by x(42)?
19
Suppose -10*n + 261 + 219 = 0. Calculate the remainder when 382 is divided by n.
46
Suppose -4*w - 5*l = -173, 8*w = 12*w - 3*l - 133. What is the remainder when 108 is divided by w?
34
What is the remainder when 42 is divided by 118/6 + 25/(-15)?
6
Suppose 0 = 3*f + 2*f + 15, -3*f = i - 3. Let y(l) = -l**2 + 6*l + 1. Let o be y(1). Calculate the remainder when 26 is divided by i/8*(o + 0).
8
Let v(c) = c**2 + 4*c - 64. Calculate the remainder when v(-19) is divided by 37.
36
Let a(c) = c + 58. Suppose 21*p = 24*p. Let r be a(p). Let d = 117 - r. What is the remainder when d is divided by 10?
9
Let q = 8 + -7. Let f be (1/q*0)/2. Suppose f = -5*w + v + 274, -v = -w + 62 - 4. What is the remainder when w is divided by 19?
16
Suppose z + 5*y - 10 = 7, 2*z = 5*y + 64. What is the remainder when 214 is divided by z?
25
Let c = 139 - 121. Calculate the remainder when 67 is divided by c.
13
Calculate the remainder when 86 is divided by (28/(-28))/(2/24*-2).
2
Let k = 34 - 74. Let c = 79 + k. Calculate the remainder when c is divided by 10.
9
Suppose -3*n = -4*n + 7. Let g(j) = 2*j - 75. Calculate the remainder when n is divided by g(39).
1
Let y(d) = d**3 + 9*d**2 - 7*d - 2. Let v(j) = j**3 - 28*j**2 - 28*j - 8. What is the remainder when y(-9) is divided by v(29)?
19
Let x(r) = -6*r + 3. Let a(m) = -m. Let s(p) = 5*a(p) - x(p). Let d(n) = n**2 + 23*n + 14. What is the remainder when d(-23) is divided by s(7)?
2
Suppose 9*c = 2*c + 448. Calculate the remainder when c is divided by 13.
12
Let a = 14 - 9. Let x(b) = 6*b**2 + b - 2. Let r be x(1). Suppose -r*k + 4*k = -19. What is the remainder when k is divided by a?
4
Let d = 70 - 49. Suppose 6*o - 204 = 4*o. Calculate the remainder when o is divided by d.
18
Let v(f) = 9*f + 2. Let u be v(2). Suppose 5*x + u = x + 5*k, -16 = -3*x - 4*k. Suppose x*w = w - 32. Calculate the remainder when w is divided by 11.
10
Let j = -3145 - -3199. What is the remainder when j is divided by 43?
11
Let o(f) = -f + 1. Let b(z) = 16*z**2 - 2*z - 2. Let p(j) = b(j) + o(j). Let d be 3 + -4 - (0 - -1). What is the remainder when p(d) is divided by 18?
15
Suppose -4*o = -m - 80, -11*o = -12*o - 4*m + 37. Calculate the remainder when o is divided by 25/2 - 2/4.
9
Let r(g) = -2*g + 1. Let i be r(-5). Suppose -i*s + 156 = -5*s. What is the remainder when s is divided by 7?
5
Suppose 0 = 5*v + 2*t - 400, -382*v + 378*v + 2*t + 338 = 0. Let r = 25 - -17. What is the remainder when v is divided by r?
40
Let a be (3 - 1) + 1 - 43. Suppose 2*v - 3*m + 6*m = 11, -3*v + m = -22. Calculate the remainder when ((-390)/a)/(6/16) is divided by v.
5
Let d be ((-21)/15)/((-1)/35). Suppose -46*x + d*x - 36 = 0. What is the remainder when 298 is divided by x?
10
Let b = -196 - -502. Calculate the remainder when b is divided by 22.
20
Let u be (2/(-4))/(1/(-8)). What is the remainder when (-68)/510 - 1/(2/((-1268)/30)) is divided by ((-9)/u)/(3/(-16))?
9
Suppose -7*p - p = -280. Suppose 23 = -3*g + p. What is the remainder when 58 is divided by g?
2
Suppose -123*s = -124*s + 91. Calculate the remainder when 277 is divided by s.
4
Let q = 98 + -58. Suppose 0 = 5*c + q + 35. What is the remainder when 78 is divided by (-1 - 23)*10/c?
14
Let h(b) be the second derivative of -b**5/20 + 7*b**4/4 + 9*b**3/2 - 21*b**2/2 + 13*b. What is the remainder when h(22) is divided by 31?
27
Suppose -4*o + 200 = -2*o. Calculate the remainder when o is divided by ((-52)/(-5))/(-7 - 37/(-5)).
22
Let u = -104 + 119. What is the remainder when 44 is divided by u?
14
What is the remainder when 68 is divided by (36/15)/((-22)/(-330))?
32
Suppose 8*p - 114 + 2 = 0. Suppose j + 1533 = 4*l, 0 = -p*l + 16*l - j - 765. What is the remainder when l is divided by 55?
54
Let t(f) = -8*f + 59. Let w(q) = -44*q + 324. Let i(r) = 28*t(r) - 5*w(r). What is the remainder when i(-10) is divided by 25?
22
Let p(x) = x - 1. Let k be p(6). Let y = 21 + -18. Suppose 1 - 5 = -k*q - y*s, -s = q. Calculate the remainder when 4 is divided by q.
0
Suppose 0 = 3*c - 129 - 3. Let b(m) = m**3 + 19*m**2 - 27*m - 11. Calculate the remainder when b(-20) is divided by c.
41
Suppose 3*f + 4*z - 79 = 0, z + 3 + 21 = f. What is the remainder when 1093 is divided by f?
18
Let o = -31 - -12. Let c = o - -16. Let q(i) = i + 7. Calculate the remainder when 6 is divided by q(c).
2
Suppose 3*b = -26 + 83. Suppose 21*x - 2151 = -639. What is the remainder when x is divided by b?
15
Suppose 32 + 5 = t. Suppose 5*s + 1 = 6. Calculate the remainder when t is divided by (13*s)/(0 - -1).
11
Suppose -103 = -5*s - 8. Let z(g) = -g**2 - 18*g - 3. Let h be z(-8). Suppose -c + h = 2*m, -m = -0*m + 4*c - 49. What is the remainder when m is divided by s?
18
Suppose -360 = -23*x + 5*x. Calculate the remainder when 58 is divided by x.
18
Suppose 15 - 2 = 3*m - 2*v, -4*m - 2*v = -8. Let t(f) = 4*f**2 + f - 3. Let y be t(-3). Suppose y = 2*u + 3*u. What is the remainder when u is divided by m?
0
Let r(t) = -2*t - 23. Calculate the remainder when r(-19) is divided by 13.
2
Suppose 4*u - 420 = -104. Suppose 70 = 5*p - 2*l, -5*l + 2*l = 4*p - u. Calculate the remainder when 78 is divided by p.
14
Suppose -2*y + 2 = -0*y. Let k(g) = -7 + y + 42*g - 1 - 38*g. Calculate the remainder when 17 is divided by k(3).
2
Let n = -9 + 14. Suppose -3*c = -n*c + 14. Suppose 6*p + 6*q - 3*q = 78, 38 = 3*p + q. Calculate the remainder when p is divided by c.
5
Suppose -5*n + 0*q = -2*q - 765, -2*q + 320 = 2*n. Calculate the remainder when n is divided by 23.
17
Suppose 4*v - 18 = -66. Let q = -12 - v. Suppose q = 5*u + 3*j - 94, -2*j + 60 = 3*u + j. Calculate the remainder when u is divided by 6.
5
Suppose 0 = 16*p - 291 + 67. What is the remainder when 503 is divided by p?
13
Suppose c = 9*c - 1896. Suppose -81 + c = 3*a. What is the remainder when 103 is divided by a?
51
Let z(k) = k + 6. What is the remainder when 15 - (-2)/(-2)*2/(-2) is divided by z(0)?
4
Suppose -6*j + 8 = -112. Suppose 16 = 4*a, -3*a + 464 = -4*y + 2*a. What is the remainder when (1/(-3))/(1/y) is divided by j?
17
Suppose -f + 0*q = 2*q - 147, -2*f - 2*q + 286 = 0. What is the remainder when f is divided by 64?
11
Let b = 8 - 5. Calculate the remainder when b/(3 - 4) - -111 is divided by 22.
20
Let q be -1 - (-3 - (2 + -2)). Let c(t) = 13*t. Let k be c(q). Suppose -3*l + 34 = l - 2*n, -2*l + 4*n = -k. Calculate the remainder when 12 is divided by l.
5
Suppose -4*v - 2*h + 224 = -7*h, 3*v - 137 = -4*h. Suppose -16 = 4*u, 2*x + v = 3*x + 3*u. What is the remainder when x is divided by 13?
11
Suppose 0*u = 7*u + u. Suppose u*l = 4*l - 56. Let f(o) = 13*o. What is the remainder when f(3) is divided by l?
11
Suppose 34 = 7*x - 5*x. Suppose -35 = -5*i + 285. Calculate the remainder when i is divided by x.
13
Suppose 5*f = 4*k - 18, 0*k = 2*k + f - 16. Let z(i) = i**2 - 18*i + 77. Calculate the remainder when z(5) is divided by k.
5
Suppose 4*u = -u + 20. Suppose u*t - 33 = 39. Suppose -4*x + 23 = -3*i, -3*i - 7 = x - 9. Calculate the remainder when t is divided by x.
3
Let r(c) = -c**3 + 5*c**2 - 5*c + 1. Let x be r(4). Let l be 1/((-1)/x) - -18. Calculate the remainder when l*(-24)/(-9) + 3 is divided by 15.
14
Suppose -a + m = -40, -3*m - 6 = -a + 28. What is the remainder when 85 is divided by a?
42
Let w(u) = u**3 - 9*u**2 + 9*u - 4. Let q be w(8). Suppose 3 - q = j. Calculate the remainder when 19 is divided by 24/5 + j/(-5).
4
Suppose -3*k - 315 = -3*a - 0*k, -a = 3*k - 89. Calculate the remainder when a is divided by 21.
17
Suppose 4*l - 229 = 5*r, -114 = -3*l + l + 2*r. Suppose -l - 40 = -4*x. Calculate the remainder when 187/4 - 0 - 9/12 is divided by x.
22
Let z be -5 - -7 - (2 - 0). Suppose 4*g - 4*x + 56 = z, 4 = -g - x - 0*x. Calculate the remainder when 35 is divided by ((-3)/g)/(5/180).
11
Let r(y) = 25*y**2 + y + 1. Let s(b) = -b + 1. Let m(j) = r(j) - s(j). What is the remainder when m(-2) is d